{"id":2041,"date":"2023-03-20T16:17:34","date_gmt":"2023-03-20T16:17:34","guid":{"rendered":"https:\/\/bellacloths.com\/?product=stewardess-kostum-grau-3"},"modified":"2023-03-20T16:18:37","modified_gmt":"2023-03-20T16:18:37","slug":"stewardess-kostum-grau-3","status":"publish","type":"product","link":"https:\/\/bellacloths.com\/?product=stewardess-kostum-grau-3","title":{"rendered":"Stewardess-Kost\u00fcm grau"},"content":{"rendered":"<p>Kost\u00fcm &#8220;Stewardess&#8221; grau von Obsessive<br \/>Sexy Stewardess-Kleid mit verf\u00fchrerischen Ausschnitten vorne und hinten. Mit stylishem Kragen und einem Verschluss unterhalb des Halses sowie zwei Airline-Logos. Inklusive charmantem Stewardess-H\u00e4ubchen und einem passenden String. Sch\u00f6nes und elastisches Material mit perfekter Passform.<\/p>\n<p>Farbe: grau<br \/>Gr\u00f6\u00dfen: S\/M oder L\/XL<\/p>\n<p>Material: 88% Polyester, 12% Elasthan<\/p>\n","protected":false},"excerpt":{"rendered":"<p>Kost\u00fcm &#8220;Stewardess&#8221; grau von ObsessiveSexy Stewardess-Kleid mit verf\u00fchrerischen Ausschnitten vorne und hinten. Mit stylishem Kragen und einem Verschluss unterhalb des Halses sowie zwei Airline-Logos. Inklusive charmantem Stewardess-H\u00e4ubchen und einem passenden String. Sch\u00f6nes und elastisches Material mit perfekter Passform. Farbe: grauGr\u00f6\u00dfen: S\/M oder L\/XL Material: 88% Polyester, 12% Elasthan<\/p>\n","protected":false},"featured_media":2042,"comment_status":"closed","ping_status":"open","template":"","meta":{"site-sidebar-layout":"default","site-content-layout":"default","ast-global-header-display":"","ast-main-header-display":"","ast-hfb-above-header-display":"","ast-hfb-below-header-display":"","ast-hfb-mobile-header-display":"","site-post-title":"","ast-breadcrumbs-content":"","ast-featured-img":"","footer-sml-layout":"","theme-transparent-header-meta":"","adv-header-id-meta":"","stick-header-meta":"","header-above-stick-meta":"","header-main-stick-meta":"","header-below-stick-meta":""},"product_cat":[39],"product_tag":[],"class_list":{"0":"post-2041","1":"product","2":"type-product","3":"status-publish","4":"has-post-thumbnail","6":"product_cat-outfits-kostume","7":"pa_size-l-xl","8":"pa_size-s-m","9":"desktop-align-left","10":"tablet-align-left","11":"mobile-align-left","13":"first","14":"instock","15":"purchasable","16":"product-type-variable"},"_links":{"self":[{"href":"https:\/\/bellacloths.com\/index.php?rest_route=\/wp\/v2\/product\/2041","targetHints":{"allow":["GET"]}}],"collection":[{"href":"https:\/\/bellacloths.com\/index.php?rest_route=\/wp\/v2\/product"}],"about":[{"href":"https:\/\/bellacloths.com\/index.php?rest_route=\/wp\/v2\/types\/product"}],"replies":[{"embeddable":true,"href":"https:\/\/bellacloths.com\/index.php?rest_route=%2Fwp%2Fv2%2Fcomments&post=2041"}],"wp:featuredmedia":[{"embeddable":true,"href":"https:\/\/bellacloths.com\/index.php?rest_route=\/wp\/v2\/media\/2042"}],"wp:attachment":[{"href":"https:\/\/bellacloths.com\/index.php?rest_route=%2Fwp%2Fv2%2Fmedia&parent=2041"}],"wp:term":[{"taxonomy":"product_cat","embeddable":true,"href":"https:\/\/bellacloths.com\/index.php?rest_route=%2Fwp%2Fv2%2Fproduct_cat&post=2041"},{"taxonomy":"product_tag","embeddable":true,"href":"https:\/\/bellacloths.com\/index.php?rest_route=%2Fwp%2Fv2%2Fproduct_tag&post=2041"}],"curies":[{"name":"wp","href":"https:\/\/api.w.org\/{rel}","templated":true}]}}