{"id":2159,"date":"2023-03-20T16:21:14","date_gmt":"2023-03-20T16:21:14","guid":{"rendered":"https:\/\/bellacloths.com\/?product=minikleid-schmuck-cr3216"},"modified":"2023-03-20T16:21:59","modified_gmt":"2023-03-20T16:21:59","slug":"minikleid-schmuck-cr3216","status":"publish","type":"product","link":"https:\/\/bellacloths.com\/?product=minikleid-schmuck-cr3216","title":{"rendered":"Minikleid + Schmuck CR3216"},"content":{"rendered":"<p>CR3216 Schwarzes Minikleid + Schmuck von Chilirose<br \/>Dieses elegant geschnittene Kleid \u00fcberzeugt mit seiner Einfachheit. Das Kleid passt zu jedem Anlass und jeder wird von Ihrem tadellosen Look begeistert sein! Aus elastischem Material, mit offenem R\u00fccken. Inklusive hochwertigen Glitzerschmuck als perfekte Erg\u00e4nzung!<\/p>\n<p>Farbe: schwarz<br \/>Gr\u00f6\u00dfe: S\/M one-size<\/p>\n<p>Material: 90% Polyester, 10% Elasthan<\/p>\n","protected":false},"excerpt":{"rendered":"<p>CR3216 Schwarzes Minikleid + Schmuck von ChiliroseDieses elegant geschnittene Kleid \u00fcberzeugt mit seiner Einfachheit. Das Kleid passt zu jedem Anlass und jeder wird von Ihrem tadellosen Look begeistert sein! Aus elastischem Material, mit offenem R\u00fccken. Inklusive hochwertigen Glitzerschmuck als perfekte Erg\u00e4nzung! Farbe: schwarzGr\u00f6\u00dfe: S\/M one-size Material: 90% Polyester, 10% Elasthan<\/p>\n","protected":false},"featured_media":2160,"comment_status":"closed","ping_status":"open","template":"","meta":{"site-sidebar-layout":"default","site-content-layout":"default","ast-global-header-display":"","ast-main-header-display":"","ast-hfb-above-header-display":"","ast-hfb-below-header-display":"","ast-hfb-mobile-header-display":"","site-post-title":"","ast-breadcrumbs-content":"","ast-featured-img":"","footer-sml-layout":"","theme-transparent-header-meta":"","adv-header-id-meta":"","stick-header-meta":"","header-above-stick-meta":"","header-main-stick-meta":"","header-below-stick-meta":""},"product_cat":[40],"product_tag":[],"class_list":{"0":"post-2159","1":"product","2":"type-product","3":"status-publish","4":"has-post-thumbnail","6":"product_cat-kleider-tops","7":"desktop-align-left","8":"tablet-align-left","9":"mobile-align-left","11":"first","12":"instock","13":"purchasable","14":"product-type-simple"},"_links":{"self":[{"href":"https:\/\/bellacloths.com\/index.php?rest_route=\/wp\/v2\/product\/2159","targetHints":{"allow":["GET"]}}],"collection":[{"href":"https:\/\/bellacloths.com\/index.php?rest_route=\/wp\/v2\/product"}],"about":[{"href":"https:\/\/bellacloths.com\/index.php?rest_route=\/wp\/v2\/types\/product"}],"replies":[{"embeddable":true,"href":"https:\/\/bellacloths.com\/index.php?rest_route=%2Fwp%2Fv2%2Fcomments&post=2159"}],"wp:featuredmedia":[{"embeddable":true,"href":"https:\/\/bellacloths.com\/index.php?rest_route=\/wp\/v2\/media\/2160"}],"wp:attachment":[{"href":"https:\/\/bellacloths.com\/index.php?rest_route=%2Fwp%2Fv2%2Fmedia&parent=2159"}],"wp:term":[{"taxonomy":"product_cat","embeddable":true,"href":"https:\/\/bellacloths.com\/index.php?rest_route=%2Fwp%2Fv2%2Fproduct_cat&post=2159"},{"taxonomy":"product_tag","embeddable":true,"href":"https:\/\/bellacloths.com\/index.php?rest_route=%2Fwp%2Fv2%2Fproduct_tag&post=2159"}],"curies":[{"name":"wp","href":"https:\/\/api.w.org\/{rel}","templated":true}]}}