{"id":2544,"date":"2023-03-20T16:36:27","date_gmt":"2023-03-20T16:36:27","guid":{"rendered":"https:\/\/bellacloths.com\/?product=magic-boxershorts-ii-schwarz-mc-9010"},"modified":"2023-03-20T16:36:55","modified_gmt":"2023-03-20T16:36:55","slug":"magic-boxershorts-ii-schwarz-mc-9010","status":"publish","type":"product","link":"https:\/\/bellacloths.com\/?product=magic-boxershorts-ii-schwarz-mc-9010","title":{"rendered":"Magic Boxershorts II schwarz MC\/9010"},"content":{"rendered":"<p>Magic Boxershorts II von Andalea<br \/>Weiche Boxershorts aus schwarzem Material mit Klett-Front\u00f6ffnung.<\/p>\n<p>Made in EU!<\/p>\n<p>Farbe: schwarz<br \/>Gr\u00f6\u00dfen: S\/M, L\/XL, XXL\/XXXL oder XXXXL\/XXXXXL<\/p>\n<p>Material: 94% Polyamid, 6% Elasthan<\/p>\n","protected":false},"excerpt":{"rendered":"<p>Magic Boxershorts II von AndaleaWeiche Boxershorts aus schwarzem Material mit Klett-Front\u00f6ffnung. Made in EU! Farbe: schwarzGr\u00f6\u00dfen: S\/M, L\/XL, XXL\/XXXL oder XXXXL\/XXXXXL Material: 94% Polyamid, 6% Elasthan<\/p>\n","protected":false},"featured_media":2545,"comment_status":"closed","ping_status":"open","template":"","meta":{"site-sidebar-layout":"default","site-content-layout":"default","ast-global-header-display":"","ast-main-header-display":"","ast-hfb-above-header-display":"","ast-hfb-below-header-display":"","ast-hfb-mobile-header-display":"","site-post-title":"","ast-breadcrumbs-content":"","ast-featured-img":"","footer-sml-layout":"","theme-transparent-header-meta":"","adv-header-id-meta":"","stick-header-meta":"","header-above-stick-meta":"","header-main-stick-meta":"","header-below-stick-meta":""},"product_cat":[57],"product_tag":[],"class_list":{"0":"post-2544","1":"product","2":"type-product","3":"status-publish","4":"has-post-thumbnail","6":"product_cat-mens-collection","7":"pa_size-l-xl","8":"pa_size-s-m","9":"pa_size-2xl-3xl","10":"pa_size-4xl-5xl","11":"desktop-align-left","12":"tablet-align-left","13":"mobile-align-left","15":"first","16":"instock","17":"purchasable","18":"product-type-variable"},"_links":{"self":[{"href":"https:\/\/bellacloths.com\/index.php?rest_route=\/wp\/v2\/product\/2544","targetHints":{"allow":["GET"]}}],"collection":[{"href":"https:\/\/bellacloths.com\/index.php?rest_route=\/wp\/v2\/product"}],"about":[{"href":"https:\/\/bellacloths.com\/index.php?rest_route=\/wp\/v2\/types\/product"}],"replies":[{"embeddable":true,"href":"https:\/\/bellacloths.com\/index.php?rest_route=%2Fwp%2Fv2%2Fcomments&post=2544"}],"wp:featuredmedia":[{"embeddable":true,"href":"https:\/\/bellacloths.com\/index.php?rest_route=\/wp\/v2\/media\/2545"}],"wp:attachment":[{"href":"https:\/\/bellacloths.com\/index.php?rest_route=%2Fwp%2Fv2%2Fmedia&parent=2544"}],"wp:term":[{"taxonomy":"product_cat","embeddable":true,"href":"https:\/\/bellacloths.com\/index.php?rest_route=%2Fwp%2Fv2%2Fproduct_cat&post=2544"},{"taxonomy":"product_tag","embeddable":true,"href":"https:\/\/bellacloths.com\/index.php?rest_route=%2Fwp%2Fv2%2Fproduct_tag&post=2544"}],"curies":[{"name":"wp","href":"https:\/\/api.w.org\/{rel}","templated":true}]}}