{"id":2625,"date":"2023-03-20T16:39:32","date_gmt":"2023-03-20T16:39:32","guid":{"rendered":"https:\/\/bellacloths.com\/?product=nahtloses-minikleid-cr3608-schwarz"},"modified":"2023-03-20T16:39:42","modified_gmt":"2023-03-20T16:39:42","slug":"nahtloses-minikleid-cr3608-schwarz","status":"publish","type":"product","link":"https:\/\/bellacloths.com\/?product=nahtloses-minikleid-cr3608-schwarz","title":{"rendered":"Nahtloses Minikleid CR3608 schwarz"},"content":{"rendered":"<p>Nahtloses Minikleid CR3608 von Chilirose<br \/>Elastisches Minikleid aus nahtlosem Material in schwarz mit groben Maschen entlang der \u00c4rmel. Es passt sich perfekt dem K\u00f6rper an und f\u00fchlt sich angenehm weich an!<\/p>\n<p>Farbe: schwarz<br \/>Gr\u00f6\u00dfe: S\/M one-size<\/p>\n<p>Material: 88% Nylon, 12% Elasthan<\/p>\n","protected":false},"excerpt":{"rendered":"<p>Nahtloses Minikleid CR3608 von ChiliroseElastisches Minikleid aus nahtlosem Material in schwarz mit groben Maschen entlang der \u00c4rmel. Es passt sich perfekt dem K\u00f6rper an und f\u00fchlt sich angenehm weich an! Farbe: schwarzGr\u00f6\u00dfe: S\/M one-size Material: 88% Nylon, 12% Elasthan<\/p>\n","protected":false},"featured_media":2626,"comment_status":"closed","ping_status":"open","template":"","meta":{"site-sidebar-layout":"default","site-content-layout":"default","ast-global-header-display":"","ast-main-header-display":"","ast-hfb-above-header-display":"","ast-hfb-below-header-display":"","ast-hfb-mobile-header-display":"","site-post-title":"","ast-breadcrumbs-content":"","ast-featured-img":"","footer-sml-layout":"","theme-transparent-header-meta":"","adv-header-id-meta":"","stick-header-meta":"","header-above-stick-meta":"","header-main-stick-meta":"","header-below-stick-meta":""},"product_cat":[40],"product_tag":[],"class_list":{"0":"post-2625","1":"product","2":"type-product","3":"status-publish","4":"has-post-thumbnail","6":"product_cat-kleider-tops","7":"desktop-align-left","8":"tablet-align-left","9":"mobile-align-left","11":"first","12":"instock","13":"purchasable","14":"product-type-simple"},"_links":{"self":[{"href":"https:\/\/bellacloths.com\/index.php?rest_route=\/wp\/v2\/product\/2625","targetHints":{"allow":["GET"]}}],"collection":[{"href":"https:\/\/bellacloths.com\/index.php?rest_route=\/wp\/v2\/product"}],"about":[{"href":"https:\/\/bellacloths.com\/index.php?rest_route=\/wp\/v2\/types\/product"}],"replies":[{"embeddable":true,"href":"https:\/\/bellacloths.com\/index.php?rest_route=%2Fwp%2Fv2%2Fcomments&post=2625"}],"wp:featuredmedia":[{"embeddable":true,"href":"https:\/\/bellacloths.com\/index.php?rest_route=\/wp\/v2\/media\/2626"}],"wp:attachment":[{"href":"https:\/\/bellacloths.com\/index.php?rest_route=%2Fwp%2Fv2%2Fmedia&parent=2625"}],"wp:term":[{"taxonomy":"product_cat","embeddable":true,"href":"https:\/\/bellacloths.com\/index.php?rest_route=%2Fwp%2Fv2%2Fproduct_cat&post=2625"},{"taxonomy":"product_tag","embeddable":true,"href":"https:\/\/bellacloths.com\/index.php?rest_route=%2Fwp%2Fv2%2Fproduct_tag&post=2625"}],"curies":[{"name":"wp","href":"https:\/\/api.w.org\/{rel}","templated":true}]}}