{"id":2982,"date":"2023-03-20T16:55:47","date_gmt":"2023-03-20T16:55:47","guid":{"rendered":"https:\/\/bellacloths.com\/?product=plus-size-strumpfe-st-05-3-beige"},"modified":"2023-03-20T16:56:37","modified_gmt":"2023-03-20T16:56:37","slug":"plus-size-strumpfe-st-05-3-beige","status":"publish","type":"product","link":"https:\/\/bellacloths.com\/?product=plus-size-strumpfe-st-05-3-beige","title":{"rendered":"Plus Size Str\u00fcmpfe ST\/05\/3 beige"},"content":{"rendered":"<p>Plus Size Str\u00fcmpfe ST\/05\/3 in beige von Andalea<br \/>Str\u00fcmpfe ohne Spitze oder Verzierung. Ideal in Kombination mit Strumpfhaltern.<\/p>\n<p>Made in EU!<\/p>\n<p>Farbe: beige<br \/>Gr\u00f6\u00dfen: 3, 4, 5<\/p>\n<p>Gr. 3 = K\u00f6rpergr\u00f6\u00dfe: 161-171 , Oberschenkelumfang: 72-100 cm<br \/>Gr. 4 = K\u00f6rpergr\u00f6\u00dfe: 168-178 , Oberschenkelumfang: 75-105 cm<br \/>Gr. 5 = K\u00f6rpergr\u00f6\u00dfe: 174-186 , Oberschenkelumfang: 78-115 cm<\/p>\n<p>Material: 90% Polyamid, 10% Elasthan<\/p>\n","protected":false},"excerpt":{"rendered":"<p>Plus Size Str\u00fcmpfe ST\/05\/3 in beige von AndaleaStr\u00fcmpfe ohne Spitze oder Verzierung. Ideal in Kombination mit Strumpfhaltern. Made in EU! Farbe: beigeGr\u00f6\u00dfen: 3, 4, 5 Gr. 3 = K\u00f6rpergr\u00f6\u00dfe: 161-171 , Oberschenkelumfang: 72-100 cmGr. 4 = K\u00f6rpergr\u00f6\u00dfe: 168-178 , Oberschenkelumfang: 75-105 cmGr. 5 = K\u00f6rpergr\u00f6\u00dfe: 174-186 , Oberschenkelumfang: 78-115 cm Material: 90% Polyamid, 10% Elasthan<\/p>\n","protected":false},"featured_media":2983,"comment_status":"closed","ping_status":"open","template":"","meta":{"site-sidebar-layout":"default","site-content-layout":"default","ast-global-header-display":"","ast-main-header-display":"","ast-hfb-above-header-display":"","ast-hfb-below-header-display":"","ast-hfb-mobile-header-display":"","site-post-title":"","ast-breadcrumbs-content":"","ast-featured-img":"","footer-sml-layout":"","theme-transparent-header-meta":"","adv-header-id-meta":"","stick-header-meta":"","header-above-stick-meta":"","header-main-stick-meta":"","header-below-stick-meta":""},"product_cat":[30],"product_tag":[],"class_list":{"0":"post-2982","1":"product","2":"type-product","3":"status-publish","4":"has-post-thumbnail","6":"product_cat-strumpfmode-co","7":"pa_size-gr-3","8":"pa_size-gr-4","9":"pa_size-gr-5","10":"desktop-align-left","11":"tablet-align-left","12":"mobile-align-left","14":"first","15":"instock","16":"purchasable","17":"product-type-variable"},"_links":{"self":[{"href":"https:\/\/bellacloths.com\/index.php?rest_route=\/wp\/v2\/product\/2982","targetHints":{"allow":["GET"]}}],"collection":[{"href":"https:\/\/bellacloths.com\/index.php?rest_route=\/wp\/v2\/product"}],"about":[{"href":"https:\/\/bellacloths.com\/index.php?rest_route=\/wp\/v2\/types\/product"}],"replies":[{"embeddable":true,"href":"https:\/\/bellacloths.com\/index.php?rest_route=%2Fwp%2Fv2%2Fcomments&post=2982"}],"wp:featuredmedia":[{"embeddable":true,"href":"https:\/\/bellacloths.com\/index.php?rest_route=\/wp\/v2\/media\/2983"}],"wp:attachment":[{"href":"https:\/\/bellacloths.com\/index.php?rest_route=%2Fwp%2Fv2%2Fmedia&parent=2982"}],"wp:term":[{"taxonomy":"product_cat","embeddable":true,"href":"https:\/\/bellacloths.com\/index.php?rest_route=%2Fwp%2Fv2%2Fproduct_cat&post=2982"},{"taxonomy":"product_tag","embeddable":true,"href":"https:\/\/bellacloths.com\/index.php?rest_route=%2Fwp%2Fv2%2Fproduct_tag&post=2982"}],"curies":[{"name":"wp","href":"https:\/\/api.w.org\/{rel}","templated":true}]}}