{"id":2994,"date":"2023-03-20T16:56:08","date_gmt":"2023-03-20T16:56:08","guid":{"rendered":"https:\/\/bellacloths.com\/?product=panties-cr3651-schwarz"},"modified":"2023-03-20T16:56:55","modified_gmt":"2023-03-20T16:56:55","slug":"panties-cr3651-schwarz","status":"publish","type":"product","link":"https:\/\/bellacloths.com\/?product=panties-cr3651-schwarz","title":{"rendered":"Panties CR3651 schwarz"},"content":{"rendered":"<p>Panties CR3651 schwarz von Chilirose<br \/>Ultrafeminine Panties aus Spitze und leicht durchscheinendem T\u00fcllmaterial.<\/p>\n<p>Farbe: schwarz<br \/>Gr\u00f6\u00dfen: S, M, L oder XL<\/p>\n<p>Material: 90% Polyester, 10% Elasthan<\/p>\n","protected":false},"excerpt":{"rendered":"<p>Panties CR3651 schwarz von ChiliroseUltrafeminine Panties aus Spitze und leicht durchscheinendem T\u00fcllmaterial. Farbe: schwarzGr\u00f6\u00dfen: S, M, L oder XL Material: 90% Polyester, 10% Elasthan<\/p>\n","protected":false},"featured_media":2995,"comment_status":"closed","ping_status":"open","template":"","meta":{"site-sidebar-layout":"default","site-content-layout":"default","ast-global-header-display":"","ast-main-header-display":"","ast-hfb-above-header-display":"","ast-hfb-below-header-display":"","ast-hfb-mobile-header-display":"","site-post-title":"","ast-breadcrumbs-content":"","ast-featured-img":"","footer-sml-layout":"","theme-transparent-header-meta":"","adv-header-id-meta":"","stick-header-meta":"","header-above-stick-meta":"","header-main-stick-meta":"","header-below-stick-meta":""},"product_cat":[35],"product_tag":[],"class_list":{"0":"post-2994","1":"product","2":"type-product","3":"status-publish","4":"has-post-thumbnail","6":"product_cat-slips-strings-bhs-sets","7":"pa_size-xl","8":"pa_size-l","9":"pa_size-m","10":"pa_size-s","11":"desktop-align-left","12":"tablet-align-left","13":"mobile-align-left","15":"first","16":"instock","17":"purchasable","18":"product-type-variable"},"_links":{"self":[{"href":"https:\/\/bellacloths.com\/index.php?rest_route=\/wp\/v2\/product\/2994","targetHints":{"allow":["GET"]}}],"collection":[{"href":"https:\/\/bellacloths.com\/index.php?rest_route=\/wp\/v2\/product"}],"about":[{"href":"https:\/\/bellacloths.com\/index.php?rest_route=\/wp\/v2\/types\/product"}],"replies":[{"embeddable":true,"href":"https:\/\/bellacloths.com\/index.php?rest_route=%2Fwp%2Fv2%2Fcomments&post=2994"}],"wp:featuredmedia":[{"embeddable":true,"href":"https:\/\/bellacloths.com\/index.php?rest_route=\/wp\/v2\/media\/2995"}],"wp:attachment":[{"href":"https:\/\/bellacloths.com\/index.php?rest_route=%2Fwp%2Fv2%2Fmedia&parent=2994"}],"wp:term":[{"taxonomy":"product_cat","embeddable":true,"href":"https:\/\/bellacloths.com\/index.php?rest_route=%2Fwp%2Fv2%2Fproduct_cat&post=2994"},{"taxonomy":"product_tag","embeddable":true,"href":"https:\/\/bellacloths.com\/index.php?rest_route=%2Fwp%2Fv2%2Fproduct_tag&post=2994"}],"curies":[{"name":"wp","href":"https:\/\/api.w.org\/{rel}","templated":true}]}}