{"id":3001,"date":"2023-03-20T16:56:39","date_gmt":"2023-03-20T16:56:39","guid":{"rendered":"https:\/\/bellacloths.com\/?product=body-cr3673-schwarz"},"modified":"2023-03-20T16:57:32","modified_gmt":"2023-03-20T16:57:32","slug":"body-cr3673-schwarz","status":"publish","type":"product","link":"https:\/\/bellacloths.com\/?product=body-cr3673-schwarz","title":{"rendered":"Body CR3673 schwarz"},"content":{"rendered":"<p>Spitzen-Body CR3673 von Chilirose<br \/>Body aus weicher und elastischer Spitze mit kurzen \u00c4rmeln und einem gro\u00dfen Ausschnitt. Mit nicht abnehmbaren, verstellbaren Strapshaltern.<\/p>\n<p>Farbe: schwarz<br \/>Gr\u00f6\u00dfen: S, M, L oder XL<\/p>\n<p>Material: 90% Polyester, 10% Elasthan<\/p>\n","protected":false},"excerpt":{"rendered":"<p>Spitzen-Body CR3673 von ChiliroseBody aus weicher und elastischer Spitze mit kurzen \u00c4rmeln und einem gro\u00dfen Ausschnitt. Mit nicht abnehmbaren, verstellbaren Strapshaltern. Farbe: schwarzGr\u00f6\u00dfen: S, M, L oder XL Material: 90% Polyester, 10% Elasthan<\/p>\n","protected":false},"featured_media":3002,"comment_status":"closed","ping_status":"open","template":"","meta":{"site-sidebar-layout":"default","site-content-layout":"default","ast-global-header-display":"","ast-main-header-display":"","ast-hfb-above-header-display":"","ast-hfb-below-header-display":"","ast-hfb-mobile-header-display":"","site-post-title":"","ast-breadcrumbs-content":"","ast-featured-img":"","footer-sml-layout":"","theme-transparent-header-meta":"","adv-header-id-meta":"","stick-header-meta":"","header-above-stick-meta":"","header-main-stick-meta":"","header-below-stick-meta":""},"product_cat":[28],"product_tag":[],"class_list":{"0":"post-3001","1":"product","2":"type-product","3":"status-publish","4":"has-post-thumbnail","6":"product_cat-bodies-catsuits","7":"pa_size-xl","8":"pa_size-l","9":"pa_size-m","10":"pa_size-s","11":"desktop-align-left","12":"tablet-align-left","13":"mobile-align-left","15":"first","16":"instock","17":"purchasable","18":"product-type-variable"},"_links":{"self":[{"href":"https:\/\/bellacloths.com\/index.php?rest_route=\/wp\/v2\/product\/3001","targetHints":{"allow":["GET"]}}],"collection":[{"href":"https:\/\/bellacloths.com\/index.php?rest_route=\/wp\/v2\/product"}],"about":[{"href":"https:\/\/bellacloths.com\/index.php?rest_route=\/wp\/v2\/types\/product"}],"replies":[{"embeddable":true,"href":"https:\/\/bellacloths.com\/index.php?rest_route=%2Fwp%2Fv2%2Fcomments&post=3001"}],"wp:featuredmedia":[{"embeddable":true,"href":"https:\/\/bellacloths.com\/index.php?rest_route=\/wp\/v2\/media\/3002"}],"wp:attachment":[{"href":"https:\/\/bellacloths.com\/index.php?rest_route=%2Fwp%2Fv2%2Fmedia&parent=3001"}],"wp:term":[{"taxonomy":"product_cat","embeddable":true,"href":"https:\/\/bellacloths.com\/index.php?rest_route=%2Fwp%2Fv2%2Fproduct_cat&post=3001"},{"taxonomy":"product_tag","embeddable":true,"href":"https:\/\/bellacloths.com\/index.php?rest_route=%2Fwp%2Fv2%2Fproduct_tag&post=3001"}],"curies":[{"name":"wp","href":"https:\/\/api.w.org\/{rel}","templated":true}]}}