{"id":3403,"date":"2023-03-20T17:08:04","date_gmt":"2023-03-20T17:08:04","guid":{"rendered":"https:\/\/bellacloths.com\/?product=auroria-panties"},"modified":"2023-03-20T17:08:15","modified_gmt":"2023-03-20T17:08:15","slug":"auroria-panties","status":"publish","type":"product","link":"https:\/\/bellacloths.com\/?product=auroria-panties","title":{"rendered":"Auroria Panties"},"content":{"rendered":"<p>Auroria Panties von &#8220;Obsessive&#8221;<br \/>Feminines H\u00f6schen mit niedlichem Schleifendetail in einer einzigartigen Stoffkombination aus gl\u00e4nzendem Satin und sch\u00f6ner Spitze. Die Naht auf der R\u00fcckseite betont den Po. Das elastische Multistretch-Material passt sich perfekt dem K\u00f6rper an.<\/p>\n<p>Farbe: blau<br \/>Gr\u00f6\u00dfen: S\/M oder L\/XL<\/p>\n<p>Material: 70% Polyamid, 20% Viskose, 10% Elasthan<\/p>\n","protected":false},"excerpt":{"rendered":"<p>Auroria Panties von &#8220;Obsessive&#8221;Feminines H\u00f6schen mit niedlichem Schleifendetail in einer einzigartigen Stoffkombination aus gl\u00e4nzendem Satin und sch\u00f6ner Spitze. Die Naht auf der R\u00fcckseite betont den Po. Das elastische Multistretch-Material passt sich perfekt dem K\u00f6rper an. Farbe: blauGr\u00f6\u00dfen: S\/M oder L\/XL Material: 70% Polyamid, 20% Viskose, 10% Elasthan<\/p>\n","protected":false},"featured_media":3404,"comment_status":"closed","ping_status":"open","template":"","meta":{"site-sidebar-layout":"default","site-content-layout":"default","ast-global-header-display":"","ast-main-header-display":"","ast-hfb-above-header-display":"","ast-hfb-below-header-display":"","ast-hfb-mobile-header-display":"","site-post-title":"","ast-breadcrumbs-content":"","ast-featured-img":"","footer-sml-layout":"","theme-transparent-header-meta":"","adv-header-id-meta":"","stick-header-meta":"","header-above-stick-meta":"","header-main-stick-meta":"","header-below-stick-meta":""},"product_cat":[35],"product_tag":[],"class_list":{"0":"post-3403","1":"product","2":"type-product","3":"status-publish","4":"has-post-thumbnail","6":"product_cat-slips-strings-bhs-sets","7":"pa_size-l-xl","8":"pa_size-s-m","9":"desktop-align-left","10":"tablet-align-left","11":"mobile-align-left","13":"first","14":"instock","15":"purchasable","16":"product-type-variable"},"_links":{"self":[{"href":"https:\/\/bellacloths.com\/index.php?rest_route=\/wp\/v2\/product\/3403","targetHints":{"allow":["GET"]}}],"collection":[{"href":"https:\/\/bellacloths.com\/index.php?rest_route=\/wp\/v2\/product"}],"about":[{"href":"https:\/\/bellacloths.com\/index.php?rest_route=\/wp\/v2\/types\/product"}],"replies":[{"embeddable":true,"href":"https:\/\/bellacloths.com\/index.php?rest_route=%2Fwp%2Fv2%2Fcomments&post=3403"}],"wp:featuredmedia":[{"embeddable":true,"href":"https:\/\/bellacloths.com\/index.php?rest_route=\/wp\/v2\/media\/3404"}],"wp:attachment":[{"href":"https:\/\/bellacloths.com\/index.php?rest_route=%2Fwp%2Fv2%2Fmedia&parent=3403"}],"wp:term":[{"taxonomy":"product_cat","embeddable":true,"href":"https:\/\/bellacloths.com\/index.php?rest_route=%2Fwp%2Fv2%2Fproduct_cat&post=3403"},{"taxonomy":"product_tag","embeddable":true,"href":"https:\/\/bellacloths.com\/index.php?rest_route=%2Fwp%2Fv2%2Fproduct_tag&post=3403"}],"curies":[{"name":"wp","href":"https:\/\/api.w.org\/{rel}","templated":true}]}}